st derivative of v(m). Give a(-1).
2
Let b(t) = -3*t**2 + t**2 + 0*t**2 + 4 + t**2. What is b(4)?
-12
Let j be (-72)/(-27)*6/(-4). Let r(f) = -3*f**2 + 1. Let c = -11 - -16. Let z(p) = -4*p**2 - p + 2. Let k(n) = c*r(n) + j*z(n). Determine k(-3).
-6
Let a be (-12)/18*9/(-2). Suppose -4 = a*j - 5*j. Suppose -r - 6 = 2*f, -j*f + r = 5*r + 6. Let v(c) = c**3 + 3*c**2 + 2*c - 1. Calculate v(f).
-7
Let t(l) be the second derivative of -l**5/20 - l**4/6 - l**3/3 - l**2 - 9*l. Give t(-2).
2
Let p(v) be the first derivative of -v**4/4 + v**2/2 - 18*v + 22. Give p(0).
-18
Let c = -152 + 147. Let a(n) = 4*n**3 + 4*n**2 + 1 - 2*n**3 - n**3 - 7*n. What is a(c)?
11
Let m(y) = -7*y**2 - 15*y - 3. Let h(z) = 6*z**2 + 14*z + 4. Let o(k) = 3*h(k) + 2*m(k). Let f(w) = w**2 + w + 1. Let r(s) = 5*f(s) - o(s). Give r(6).
-7
Let y(b) = -2*b**2 - 2. Let r be (-8)/(-3) + 4/(-6). Give y(r).
-10
Let f(d) = d**2 + 4*d - 4. Let m = -2 + 3. Let w be (3/2)/m*2. Suppose -2*p = -3*k - 6, 5*p = 5*k - 2*k - w. Give f(k).
-4
Let m(a) = -a + 2. Let p be m(-3). Let i(t) = -2 - 2 + 1 + p - t. Calculate i(3).
-1
Let y(z) = -4 + 0*z - 5*z + 9*z. Calculate y(3).
8
Let j(g) = -7*g**3 + 11*g**2 + 6*g + 1. Let c(k) = -6*k**3 + 10*k**2 + 6*k + 1. Let u(b) = 6*c(b) - 5*j(b). What is u(6)?
1
Let b(y) = y**3 - 4*y**2 + y + 4. Let m be b(3). Let p be 14/3 + m/3. Let t = p + -9. Let g(d) = -d**2 - 6*d + 2. Calculate g(t).
7
Let l(k) = -8*k**2 + 5*k**2 + k**3 + 0*k - 5 - 3*k. What is l(4)?
-1
Let z(o) = 2*o**3 + 4*o**2 - o - 1. Let a(b) = -3*b**3 - 3*b**2 + b + 1. Let k(x) = -5*a(x) - 4*z(x). Let t(d) = -d + 5. Let i be t(6). Calculate k(i).
-8
Let j(x) = 3 + 7*x + 2*x**3 + 7*x**2 - x**3 + 1. Let t be j(-5). Let z be (-2)/(-8) + t/4. Let l(p) = p**3 - 6*p**2 + 6*p + 2. Calculate l(z).
7
Suppose -7*x + x = -30. Let o(r) = r**2 - 6*r. What is o(x)?
-5
Let j be 1/(3/6 + 0). Suppose 4*f - j*m = -7 + 23, 0 = 2*f + 5*m - 8. Let t(w) = -w**2 + 3*w - 3. Give t(f).
-7
Suppose 5*b - 19 - 6 = 0. Suppose -6*i + 4*i + 8 = 0. Let f(n) = -5*n - 7 + i*n + 3*n. Give f(b).
3
Suppose -3*q + 0 - 3 = -3*f, 10 = 4*f - q. Let g(w) = w - 3 + 2*w + w - w**3 + 2*w**2. Calculate g(f).
0
Let h = -3 + 6. Let v = -8 + h. Let k(q) = q**2 + 7*q. Determine k(v).
-10
Let r(j) = j + 6. Suppose y = 5*y - 12. Suppose 3*c + 2*q = -9, -5*q - y = 3*c - q. What is r(c)?
1
Let a(z) = 2*z - 1. Suppose -4*p - 36 - 24 = 0. Let y be (-6)/p - (-24)/(-10). Calculate a(y).
-5
Let x(s) = -3*s - 4. Let v(b) be the first derivative of -2*b**2 - 5*b - 1. Let k(j) = 5*v(j) - 6*x(j). Let w be 4 - -1*(-2 + 1). Determine k(w).
-7
Let i = 17 + -10. Suppose -5*j + 4*y - 7*y = -i, j = 4*y - 17. Let w(r) = -3*r**2 - 1. Calculate w(j).
-4
Let c(w) = -9*w**2. Suppose -y + 12 = -0*y. Suppose -2*i + 14 = -4*x, i + 3*i - 4*x = y. What is c(i)?
-9
Let l(h) = 2*h + 2 - 5*h**2 - 13*h**3 + 14*h**3 - 1. Determine l(5).
11
Suppose -4 = -0*v - 2*v. Let b(t) = -24*t + 4*t**2 - 1 + 21*t + 2. Calculate b(v).
11
Let a(q) = -q + 8. Let c be a(6). Let z(b) = 2*b**2 + c*b - b**2 - 2*b**2 - b**3. Determine z(-2).
0
Let i(j) = j**3 + 9*j**2 + 8*j + 12. Let h = 98 - 106. Determine i(h).
12
Let q(z) = 1. Let b(o) = o - 7. Let n(f) = -3*b(f) - 21*q(f). Let s be n(-3). Let x(k) = -2*k - s*k + 12*k. What is x(-4)?
-4
Let m(k) be the second derivative of -5/6*k**3 - k**2 - 1/20*k**5 + 1/2*k**4 + 3*k + 0. Let c = 22 + -17. Give m(c).
-2
Suppose c + i + 2*i = 2, -4*c - i = -19. Let l(p) = -p - 5*p + c*p - 5. Let a be 19/(-4) + (-1)/4. What is l(a)?
0
Let f(y) = -4*y**2 - 2975*y**3 - 5*y - 5 + 2 + 2974*y**3. Suppose -5*k - 9*l = -4*l + 25, 0 = 4*l + 8. What is f(k)?
3
Let v(o) = 3*o**2 + 10*o + 3. Let s(p) = -16*p**2 - 25*p - 5. Let j(k) = 3*k**2 + 5*k + 1. Let z(f) = -11*j(f) - 2*s(f). Let i(u) = -3*v(u) - 7*z(u). Give i(3).
-5
Let r(m) be the third derivative of m**5/60 - 7*m**4/24 - 7*m**3/6 + 10*m**2. Determine r(7).
-7
Let q = 4 + -3. Let x(l) = -4*l**3 - 7*l**2 - 5*l + 5. Let o(c) = -2*c**3 - 3*c**2 - 2*c + 2. Let d(i) = 5*o(i) - 2*x(i). What is d(q)?
-3
Let l(i) = -i**3 - 2*i**2 + 2*i - 1. Let w(x) = 2*x - 2. Let v be w(5). Let c be (-1)/(1*1/(-3)). Suppose a = -c*a - v. Determine l(a).
-5
Let d(u) = -u**3 + 7*u**2 - u + 9. Let k(f) = -f + 9. Let i be k(6). Let z be i + (5 - (-3 + 4)). What is d(z)?
2
Let b(j) = -4*j - 4. Let c(p) = 5*p + 5. Let k(f) = -3*b(f) - 2*c(f). Let s(x) = x**2 - 4*x + 2. Let t be s(4). Give k(t).
6
Let c = 9 - 6. Let v(j) = 3 + 6*j + 1 + j**3 + 2 + 3*j**2 + c*j**2. Determine v(-5).
1
Let z(i) = 2*i - 1 - i + 6. What is z(-5)?
0
Let i = -24 + 31. Let q(a) = a**2 - 6*a. What is q(i)?
7
Let l(s) = s - 3. Let g be l(6). Let k(o) = 4*o - 4*o + 2*o - 1 - g*o. Let w(q) = -10*q - 8. Let j(r) = -5*k(r) + w(r). Give j(-2).
7
Let n be 0 - (1 - (1 - -1)). Let b(t) = -3*t**2 + t**2 + t + t**2. Determine b(n).
0
Suppose -2*o = 3*o. Let c(r) = r + 2*r - 2 + o*r - 2*r. Calculate c(4).
2
Let j(s) = -4*s**3 + 3 + 2*s**2 + 2*s - s + 3*s**3 - 5*s. What is j(2)?
-5
Suppose -5*b - l + 11 = -0, b + 4*l + 13 = 0. Suppose -a + 3*a = 0. Let h(s) = b - 2*s + a*s - 4. Determine h(1).
-3
Let v(j) = -j. Let x(w) = -6*w. Let l(f) = 5*v(f) - x(f). Calculate l(8).
8
Let f(a) = -a**3 + 4*a**2 - 3*a + 4. Let h(c) = 2*c**2 + 3*c + 2. Suppose 2*v + 4*u = 8, v - 4*u + 18 = -2*v. Let r be h(v). Determine f(r).
-8
Let v be (-70)/(-20) - 2/4. Let z(h) = -h - 1. Give z(v).
-4
Let a(b) = -b - 3. Let n be -3 + -3*1/(-1). Suppose -2*z - z = n. Suppose r + 4*r = 5*f - 10, f - 3*r + 2 = z. What is a(f)?
-7
Let q(z) = z**3 - z**2 - z - 1. Let u be (1 - 3) + 10/5. Suppose 0 = 2*x - u*x. Determine q(x).
-1
Let p(q) = q**3 + q**2 - 9*q - 6. Let o be p(-3). Let j(k) be the second derivative of 1/6*k**o + 0 - 3/2*k**2 + 3*k. Give j(-4).
-7
Let x = 28 + -14. Let j = 5 + 5. Let m = j - x. Let y(h) = -h**3 - 3*h**2 + 4*h - 4. Determine y(m).
-4
Let y be (-4)/(-14) - (-78)/21. Let f(u) = -2*u - 3 + y*u - 2*u + 2*u. Suppose -3*i - 4 = -l - 20, -4*i - 4*l = 0. Calculate f(i).
5
Let c = 2 - -3. Let k be 1*-2 - (c + -10). Let y(g) = 3 + k - g**2 - 4 + 1 - g. Give y(-4).
-9
Let p(z) = -z**2 + 6*z + 2. Suppose h - 2 = 5*j + 13, 0 = 2*h + 10. Let w be (j/6)/((-2)/6). Let k(c) = 2*c**2 - 3*c + 3. Let x be k(w). Give p(x).
7
Suppose 13*s + 6 = 15*s. Let h(q) = 5*q - 1. Let k(l) = -6*l + 1. Let t(c) = -5*h(c) - 4*k(c). Let d(m) = -m + 1. Let b(v) = -4*d(v) + t(v). Calculate b(s).
6
Suppose -2*i = 4, -7*j - 46 = -2*j - 2*i. Let v(m) = -m - 8. Calculate v(j).
2
Suppose 4*s = -20, 3*s + 18 = 5*c - 4*c. Let o(p) = 2*p + 1. Give o(c).
7
Suppose 18 = 3*b - 0. Suppose 0*q + b = 3*q. Let d(a) = 3*a - 3. Calculate d(q).
3
Let t(q) = -5*q + 1. Let n(h) = -9*h + 0 - 1 + 5 - 1. Let b(j) = 2*n(j) - 5*t(j). Determine b(-1).
-6
Let x(m) = -m**2 - 6*m - 10. Let o be x(-5). Let s = -2 + 5. Let f(c) = 4*c**2 + 3 + 0*c**2 - s*c + 0*c + c**3. Calculate f(o).
-7
Let u = 35 - 21. Suppose 0 = -5*d + 6 + u. Let f(n) = -5*n + d - 2*n + 9*n. Determine f(-3).
-2
Let h(a) = a**3 + 3*a**2 - a. Let b be (4*-1)/(-8 + 10). What is h(b)?
6
Let r(o) = -o**3 + 6*o**2 - 5*o. Let j be 3*(-1)/(6/(-26)). Let z = -8 + j. Calculate r(z).
0
Let b = 7 - 10. Let k(m) = -m**2 + 3*m - 7. Let o(f) = f - 1. Let n(j) = k(j) - 5*o(j). Give n(b).
-5
Let v(s) = s**2 + 5*s + 3 + 0*s - 4. Let x(c) = -c**3 + c + 3. Let h be x(0). Let d(g) = -2*g**2 + 4*g + 1. Let j be d(h). Calculate v(j).
-1
Suppose -2*m - 2*m = -12. Let b(p) = -18*p**2 + 3*p + 36*p**2 - 19*p**2. What is b(m)?
0
Let v(u) be the second derivative of -u**6/360 - u**5/30 - 5*u**3/6 - 3*u. Let c(h) be the second derivative of v(h). Determine c(-5).
-5
Suppose 0 = -2*m + 5*x + 6, -6 = -2*m - 2*x + x. Let u(l) = -l**3 + 2*l**2 + 5*l - 3. Give u(m).
3
Let p(k) = -k**2 + 7*k - 6. Let g be p(6). Let t(s) be the first derivative of s**2/2 + 4*s - 7. Give t(g).
4
Let s(b) = -6*b + 0*b**2 + b**3 - 5 + 3*b**2 + b. What is s(-4)?
-1
Let w(i) be the third derivative of -i**5/60 - 5*i**3/3 + 26*i**2. What is w(0)?
-10
Let f(p) be the second derivative of p**3/2 + 2*p**2 - 44*p. What is f(-7)?
-17
Let x(r) = 4*r - 7. Let b(g) be the third derivative of -g**4/12 + 2*g**3/3 + 2*g**2. Let h(c) = 7*b(c) + 3*x(c). Determine h(5).
-3
Let k(d) = -d**2 - d + 4. Suppose -4 - 4 = 2*t. Let g = 9 - 5. Let v be g*(-1)/t*-3. De